
266
Calculate the remainder when 1093 is divided by 44.
37
Calculate the remainder when 13727 is divided by 11.
10
Calculate the remainder when 95 is divided by 33.
29
Calculate the remainder when 393 is divided by 58.
45
Calculate the remainder when 162 is divided by 84.
78
What is the remainder when 2325 is divided by 24?
21
Calculate the remainder when 1085 is divided by 232.
157
What is the remainder when 34 is divided by 21?
13
What is the remainder when 1068 is divided by 150?
18
Calculate the remainder when 122 is divided by 21.
17
What is the remainder when 27 is divided by 14?
13
Calculate the remainder when 46 is divided by 6.
4
What is the remainder when 1673 is divided by 93?
92
Calculate the remainder when 140 is divided by 37.
29
Calculate the remainder when 58 is divided by 15.
13
What is the remainder when 698 is divided by 684?
14
Calculate the remainder when 4485 is divided by 132.
129
Calculate the remainder when 414 is divided by 111.
81
Calculate the remainder when 103 is divided by 98.
5
What is the remainder when 131 is divided by 64?
3
What is the remainder when 968 is divided by 71?
45
What is the remainder when 15 is divided by 6?
3
Calculate the remainder when 178 is divided by 45.
43
What is the remainder when 51 is divided by 11?
7
What is the remainder when 368 is divided by 143?
82
Calculate the remainder when 4539 is divided by 1492.
63
What is the remainder when 151 is divided by 86?
65
Calculate the remainder when 48 is divided by 29.
19
Calculate the remainder when 5073 is divided by 1014.
3
Calculate the remainder when 308 is divided by 5.
3
Calculate the remainder when 349 is divided by 54.
25
Calculate the remainder when 6155 is divided by 108.
107
What is the remainder when 218 is divided by 28?
22
Calculate the remainder when 43 is divided by 3.
1
What is the remainder when 439 is divided by 40?
39
Calculate the remainder when 220 is divided by 13.
12
Calculate the remainder when 707 is divided by 22.
3
Calculate the remainder when 27158 is divided by 70.
68
What is the remainder when 694 is divided by 5?
4
What is the remainder when 91 is divided by 54?
37
What is the remainder when 7470 is divided by 115?
110
What is the remainder when 356 is divided by 139?
78
What is the remainder when 279 is divided by 62?
31
Calculate the remainder when 254 is divided by 85.
84
Calculate the remainder when 1114 is divided by 284.
262
Calculate the remainder when 1840 is divided by 9.
4
Calculate the remainder when 281 is divided by 143.
138
Calculate the remainder when 3466 is divided by 54.
10
Calculate the remainder when 2867 is divided by 6.
5
What is the remainder when 36 is divided by 13?
10
Calculate the remainder when 108 is divided by 23.
16
What is the remainder when 4704 is divided by 152?
144
What is the remainder when 70 is divided by 38?
32
Calculate the remainder when 204 is divided by 107.
97
What is the remainder when 70 is divided by 9?
7
What is the remainder when 413 is divided by 52?
49
Calculate the remainder when 94 is divided by 4.
2
Calculate the remainder when 255 is divided by 72.
39
Calculate the remainder when 152 is divided by 143.
9
What is the remainder when 3722 is divided by 49?
47
Calculate the remainder when 284 is divided by 48.
44
What is the remainder when 326 is divided by 66?
62
What is the remainder when 51 is divided by 2?
1
What is the remainder when 582 is divided by 9?
6
Calculate the remainder when 26 is divided by 2.
0
Calculate the remainder when 178 is divided by 97.
81
Calculate the remainder when 2499 is divided by 41.
39
What is the remainder when 1699 is divided by 121?
5
What is the remainder when 98 is divided by 20?
18
Calculate the remainder when 1004 is divided by 28.
24
Calculate the remainder when 70 is divided by 48.
22
Calculate the remainder when 1080 is divided by 356.
12
Calculate the remainder when 135 is divided by 31.
11
Calculate the remainder when 448 is divided by 11.
8
What is the remainder when 176 is divided by 73?
30
Calculate the remainder when 281 is divided by 19.
15
What is the remainder when 121 is divided by 51?
19
What is the remainder when 31667 is divided by 273?
272
Calculate the remainder when 81 is divided by 23.
12
What is the remainder when 106 is divided by 37?
32
Calculate the remainder when 47 is divided by 17.
13
Calculate the remainder when 5265 is divided by 160.
145
What is the remainder when 6494 is divided by 33?
26
Calculate the remainder when 368 is divided by 55.
38
Calculate the remainder when 364 is divided by 124.
116
Calculate the remainder when 1701 is divided by 71.
68
Calculate the remainder when 911 is divided by 48.
47
What is the remainder when 515 is divided by 151?
62
Calculate the remainder when 145 is divided by 25.
20
What is the remainder when 47708 is divided by 171?
170
Calculate the remainder when 348 is divided by 70.
68
Calculate the remainder when 193 is divided by 92.
9
Calculate the remainder when 45 is divided by 10.
5
What is the remainder when 52 is divided by 8?
4
Calculate the remainder when 1824 is divided by 365.
364
Calculate the remainder when 1597 is divided by 39.
37
Calculate the remainder when 82 is divided by 77.
5
What is the remainder when 509 is divided by 18?
5
Calculate the remainder when 1088 is divided by 218.
216
Calculate the remainder when 95 is divided by 70.
25
What is the remainder when 447 is divided by 114?
105
Calculate the remainder when 7359 is divided by 64.
63
Calculate the remainder when 2350 is divided by 264.
238
Calculate the remainder when 185 is divided by 5.
0
What is the remainder when 267 is divided by 28?
15
What is the remainder when 445 is divided by 82?
35
What is the remainder when 690 is divided by 116?
110
Calculate the remainder when 1424 is divided by 53.
46
What is the remainder when 1318 is divided by 88?
86
Calculate the remainder when 397 is divided by 16.
13
Calculate the remainder when 28 is divided by 17.
11
Calculate the remainder when 1887 is divided by 126.
123
Calculate the remainder when 3627 is divided by 724.
7
What is the remainder when 583 is divided by 289?
5
Calculate the remainder when 78 is divided by 17.
10
Calculate the remainder when 59 is divided by 9.
5
Calculate the remainder when 943 is divided by 302.
37
What is the remainder when 118 is divided by 24?
22
Calculate the remainder when 158 is divided by 27.
23
Calculate the remainder when 171 is divided by 11.
6
Calculate the remainder when 99 is divided by 87.
12
What is the remainder when 150 is divided by 68?
14
Calculate the remainder when 1506 is divided by 34.
10
Calculate the remainder when 136 is divided by 120.
16
Calculate the remainder when 326 is divided by 61.
21
What is the remainder when 169 is divided by 63?
43
What is the remainder when 407 is divided by 144?
119
What is the remainder when 549 is divided by 271?
7
Calculate the remainder when 373 is divided by 25.
23
What is the remainder when 805 is divided by 13?
12
What is the remainder when 86 is divided by 9?
5
Calculate the remainder when 229 is divided by 97.
35
Calculate the remainder when 285 is divided by 29.
24
What is the remainder when 1975 is divided by 30?
25
What is the remainder when 37178 is divided by 153?
152
What is the remainder when 35 is divided by 29?
6
Calculate the remainder when 1526 is divided by 312.
278
What is the remainder when 786 is divided by 67?
49
Calculate the remainder when 20143 is divided by 16.
15
Calculate the remainder when 22316 is divided by 48.
44
What is the remainder when 2892 is divided by 14?
8
What is the remainder when 41 is divided by 16?
9
What is the remainder when 629 is divided by 30?
29
Calculate the remainder when 415 is divided by 22.
19
What is the remainder when 199 is divided by 4?
3
What is the remainder when 167 is divided by 29?
22
Calculate the remainder when 365 is divided by 25.
15
What is the remainder when 1383 is divided by 155?
143
What is the remainder when 17 is divided by 5?
2
What is the remainder when 38 is divided by 11?
5
Calculate the remainder when 1608 is divided by 147.
138
What is the remainder when 88 is divided by 57?
31
What is the remainder when 3342 is divided by 15?
12
What is the remainder when 1861 i